r + q + 6. Suppose l - 3*w = -7*w + 66, -2*w + r = 0. Is l/(-4*(-4)/56) composite?
True
Let z(n) = 2*n - 4. Let w be z(8). Let m(v) = 3*v**2 - v + 11. Is m(w) composite?
False
Suppose 0*r - 2*r + 12 = 0. Suppose r = -6*j + 8*j. Suppose b = -j*b + 2716. Is b prime?
False
Suppose 3*c = -2*g - 19, 2*c + 2*g = -2*c - 22. Let z be 534 - (c - (1 + -2)). Let x = -117 + z. Is x prime?
True
Let n be 2 + (-3 - -2) - 2. Is n + (61 - (6 - 4)) a composite number?
True
Let q = 5319 + 16328. Is q a prime number?
True
Let r = -1539 + 3356. Is r composite?
True
Is ((-32607)/18)/((-3)/6) a prime number?
True
Suppose 0 = d + 3*d - 52. Suppose d*g - 390 = 8*g. Let n = g + -41. Is n prime?
True
Let d(t) = 34*t**2 + 9*t - 81. Is d(26) composite?
True
Suppose 5*w - 54507 + 11102 = 0. Suppose -5*i = -6644 - w. Is i a composite number?
True
Let w(g) be the first derivative of -3*g**2/2 - g + 6. Let n be w(-2). Suppose n*z = 2*z + 477. Is z prime?
False
Suppose -2*g + 87 = -1027. Is g a composite number?
False
Suppose -497433 = -119*g + 116*g + 5*m, 4*m = 0. Is g a composite number?
False
Let w(c) = 3725*c - 45. Is w(4) a composite number?
True
Suppose 0 = -3*r + 5432 + 15517. Is r composite?
False
Let h = 70966 - 45665. Is h composite?
False
Suppose 34*g - 397203 = -25617. Is g a prime number?
False
Let q be (-156)/(-13)*(-223)/(-2). Is (q/(-10))/((-1)/5) a composite number?
True
Let x = -1668 - -2342. Suppose 6*m - x = 4*m. Let s = m - 178. Is s prime?
False
Let u(k) = -270*k + 18. Let q be u(-3). Suppose 4*a - q = 400. Is a a composite number?
False
Suppose 0 = 3*d - 6, 0*t + t + 2*d = 4115. Is t a composite number?
False
Let v(o) = -14*o + 4*o - 8*o**2 - 21 - 8*o - o**3 + 0*o. Is v(-12) a prime number?
False
Let v be 2/(-7) + (-333)/(-63). Let x = 5 - v. Suppose 2*y - 6*y + 156 = x. Is y a composite number?
True
Let x(n) = 40*n**2 + 6*n - 10. Let c be x(4). Suppose -11*w = -17*w + c. Is w prime?
True
Let h be (3 + 32/(-1))*-1. Let y = -27 + h. Suppose 2*c + y*c = 148. Is c a composite number?
False
Let m(i) = 41804*i + 3. Is m(1) prime?
False
Let z(s) be the third derivative of -11/6*s**3 + 0 - 3*s**2 - 19/8*s**4 + 0*s. Is z(-14) prime?
True
Let w be 2965/3 + (-3 - 11/(-3)). Let y = -696 + w. Is y a prime number?
True
Suppose -87*x = -88*x + 35587. Is x prime?
False
Let r be 0/(-3*(-1)/3). Suppose r = k - 0*k + 86. Let y = k - -180. Is y a composite number?
True
Let k(q) = q**3 - 6*q**2 + 6*q - 3. Let c = -34 + 39. Let d be k(c). Suppose -5*j - 3*s + 716 + 1202 = 0, -5*s + 752 = d*j. Is j prime?
False
Suppose 2*p - 9658 = -3*x, 0*p - 2*p = 4*x - 9654. Is p composite?
True
Let w(b) = 343*b**2 - 9*b + 73. Is w(6) composite?
True
Let k(v) = v**3 + 13*v**2 - 15*v + 16. Let g be k(-14). Suppose -62 = -d + 5*o, -3*o + 210 + g = 3*d. Is d a composite number?
True
Let r(n) = n**2 + 2*n - 3. Let g be r(-3). Suppose g*b - 24 = 6*b. Is 1/((4/(-251))/b) prime?
True
Let o = -32135 + 48406. Is o prime?
False
Is -13 + (-154)/(-14) + 974/2 a prime number?
False
Suppose -4*h - 82 = -6*h. Is (h/2)/((-11)/(-638)) prime?
False
Let u = 272 + -180. Is (-2283)/(-21) - (3 + u/(-28)) prime?
True
Let m = 2 - -3. Let k(p) = 2*p**2 - p - 5. Let g(t) = -t**2 + 6. Let z(q) = 5*g(q) + 6*k(q). Is z(m) prime?
False
Suppose 3851 + 977 = 4*y. Suppose -3*i - 94 + y = 0. Is i a composite number?
True
Let d = 6468 + -2585. Is d prime?
False
Suppose -4*t + a = -41512, 42*a = 40*a + 8. Is t composite?
True
Let g = 46 - 41. Suppose -g*r = -2*p - 11079, 3*p - 11069 = 5*r - 10*r. Is r composite?
True
Let y(b) = 116*b - 20. Let t(p) = -23*p + 4. Let j(m) = -11*t(m) - 2*y(m). Let s be j(-7). Let k = -33 - s. Is k a prime number?
False
Let p(d) = 2*d + 1. Let m be p(5). Let o(q) = 2*q**2 - 14*q - 3. Is o(m) prime?
False
Let l(c) = -c**3 - 7*c**2 - 5*c + 3. Let b be l(-6). Let u be 2432/(-14) + 11/(-77)*2. Is (-2)/(b + (-518)/u) a composite number?
True
Suppose 36*u - 16173 = 27*u. Is u a composite number?
True
Let y be (3/(-9))/(-1)*0. Suppose y = 4*v - 3*v + 1. Is (-3 - v)/(4/(-92)) a prime number?
False
Let p = 5964 - 4163. Is p a prime number?
True
Suppose -16*g - 17*g + 449889 = 0. Is g a prime number?
True
Let x(c) = -c**2 + 967. Let a(f) = f**2 - 13*f + 15. Let i be a(9). Let k = i - -21. Is x(k) composite?
False
Let m(h) = -h**3 + 7*h**2 - 8*h - 4. Let d be m(5). Let w = d + -16. Is 5832/15 - 2/w composite?
False
Is (298/8)/(143270/(-7960) + 18) composite?
True
Let i = -363 + 812. Is i composite?
False
Let u = -23841 - -36340. Is u a composite number?
True
Is (4036/6)/((-22)/(-165)) a prime number?
False
Suppose -2*o - 2*g + 7564 = 0, o + 4*g - 2914 = 853. Is o a composite number?
True
Let x(o) = -o + 6. Let u be x(-9). Let a = -12 + u. Suppose -a*j = -j - 46. Is j a prime number?
True
Let x be 33 - 4 - (-2 - 2). Let f = x - -13. Is f prime?
False
Suppose -d - 2*d = -4*b - 1, 0 = 4*b + 5*d - 23. Let k be -3 + 6 - (-4)/b. Suppose -k*i - 1110 = -11*i. Is i prime?
False
Let d(p) = p**2 + 4*p - 16. Let c be d(-7). Suppose -2*o = -2, 1660 = c*u + 3*o + 2*o. Is u a composite number?
False
Let k = 44577 + -30272. Is k a prime number?
False
Suppose 13*n = -5*n + 80766. Is n prime?
False
Let v be -10*(-5)/10*1. Suppose v*t = -t + 2286. Is t prime?
False
Suppose -4*c + 0*c = -11908. Is c a composite number?
True
Suppose 0 = -2*d + 3*j - 35, 0 = d - j + 5 + 13. Let y(w) = -30*w + 3. Is y(d) composite?
True
Is 4/6*244251/42 a prime number?
True
Let x = 58759 - 35366. Is x composite?
True
Suppose -10 = 5*v, 55*y - 3*v = 56*y - 6893. Is y composite?
False
Let z = -2980 - -15359. Is z composite?
False
Let c be ((-2)/(-3))/(4/(-54)). Is 15/(-5)*471/c composite?
False
Suppose -2*y + 5*y = -4*f + 66349, 0 = 5*y + 2*f - 110605. Is y a composite number?
False
Suppose 0 = 2*q - 4*a + 5*a - 3865, -q + 1934 = a. Is q composite?
False
Suppose 31 - 91 = -4*q. Suppose 0 = -3*f + 7*f - 2*t - 2238, -q = -3*t. Is f a composite number?
True
Suppose 18579 = -3*n + 61821. Is n a prime number?
False
Is -1*(-19 - -21)*(-2153)/2 a composite number?
False
Suppose -4*r + v = -21291, -3*r - 3*v = -0*v - 15972. Is r a prime number?
True
Suppose 5*i + 0*i + 15 = 0. Let n(w) = -w**3 - 4*w**2 - 5*w - 3. Let j be n(i). Suppose -j*s + 5*d + 500 - 14 = 0, -s - 4*d + 145 = 0. Is s prime?
True
Let y = 27013 - 15867. Is y prime?
False
Let q(t) = 27362*t**2 + 2*t - 2. Is q(-1) composite?
True
Let g(f) = f + 6 + 0*f - 15. Let u be g(9). Suppose u*l = -4*l + 844. Is l prime?
True
Let t be 10/(7/((-14)/(-4))). Suppose 7*l = 4*l - n + 13, -5 = l + t*n. Suppose 2*j = l*j - 639. Is j a prime number?
False
Suppose 0 = 5*j - 0*v + 2*v + 10, -5*v = -5*j + 25. Suppose -3*b = p - 6, 0 = -5*p - 2*b + b + 16. Suppose 4*t - p*t - 97 = j. Is t a prime number?
True
Let r = -5 - -10. Suppose r*o - 932 = 9*o. Let v = 502 + o. Is v composite?
False
Let y = 7 + -1. Suppose y*t - 395 = t. Is t composite?
False
Let q(x) = -4*x - 18 + x**3 + 5*x**2 - 14*x**2 + 15*x. Let v be q(8). Suppose 5*n - 4*g = 162 + 655, 2*g + v = 0. Is n prime?
False
Let a be ((-12)/8)/((-12)/40). Suppose 164 = -a*d - 2801. Let v = d - -1114. Is v composite?
False
Suppose 3*n = -5*i - 137 - 149, 4*n - 71 = i. Is 2/4*i*-6 a prime number?
False
Let c(i) = i**3 + 3*i + 1511. Is c(0) a composite number?
False
Let v(b) = b**3 - 10*b**2 - 2*b - 32. Is v(21) composite?
True
Let h = 2085 - -3376. Is h a prime number?
False
Let o(q) = 2*q - 3. Let d be o(4). Suppose -2*s + 12 = -d*t + 517, 5*s = 2*t - 223. Let k = 58 + t. Is k a composite number?
False
Let k be 0/(-2 + -1 - -1). Let l(v) = -2*v**3 + 2*v**2 + v + 1. Let r(c) = 11*c**3 - 13*c**2 - 5*c + 137. Let y(p) = 6*l(p) + r(p). Is y(k) a prime number?
False
Suppose -4*k = -m + 15, -m - 12 = -5*m. Let v(q) = -3*q + 11*q**2 - 1 + 4*q + 60*q**2. Is v(k) a prime number?
False
Suppose 0*m = 3*m. Suppose m = 12*f - 8*f - 100. Is f a composite number?
True
Let w(n) = -6*n - 2. Let x be w(-1). Let q be (364 - 3)/(0 - -1). Suppose -x = -y - y, -4*y + q = r. Is r a composite number?
False
Let y be ((-33)/9 - -1)*3. Let z = 13 + y. Suppose -785 = z*l - 3*w - 2464, 2*w + 1681 = 5*l. Is l a prime number?
True
Suppose 78*u = 58*u + 6020. Let m(t) = 69*t**2 - 3*t - 1. Let n be m(-2). Suppose -4*g + n = -q, -4*g = -2*q - 3*q - u. Is g a composite number?
True
Let f